of 198353 and 26827.
139
Calculate the greatest common factor of 942930 and 720.
90
Calculate the highest common divisor of 2926 and 3967502.
154
What is the highest common factor of 18068110 and 3128?
782
What is the highest common divisor of 4459460 and 132414?
1522
What is the highest common divisor of 92 and 1160024?
4
Calculate the highest common divisor of 105 and 444767155.
35
Calculate the greatest common factor of 2163336 and 29666.
2282
Calculate the greatest common divisor of 693 and 6724377.
99
Calculate the greatest common divisor of 20999 and 913.
913
What is the highest common factor of 82286735 and 215?
215
What is the highest common factor of 90 and 19384506?
18
What is the highest common factor of 1134 and 234342?
18
What is the highest common factor of 966 and 1091916?
42
Calculate the highest common divisor of 6884339 and 203.
203
Calculate the greatest common factor of 11132614 and 860.
86
Calculate the highest common divisor of 57745098 and 4122.
4122
What is the highest common factor of 6425 and 1734280975?
6425
Calculate the greatest common factor of 150588968 and 16.
8
Calculate the greatest common factor of 56 and 17738966.
14
What is the greatest common divisor of 34409130 and 60?
30
Calculate the highest common divisor of 27875253 and 86310.
2877
What is the greatest common factor of 97906257 and 1?
1
Calculate the highest common factor of 7529239 and 175571.
1451
What is the highest common factor of 10663 and 2741819842?
10663
Calculate the highest common factor of 7700 and 5209400.
700
What is the greatest common divisor of 3538 and 4087366?
122
Calculate the highest common divisor of 234 and 1405391.
13
Calculate the greatest common factor of 2025600 and 22080.
960
Calculate the greatest common factor of 869 and 27973979.
869
Calculate the greatest common divisor of 36435 and 266630.
35
Calculate the highest common factor of 44264 and 127688.
88
What is the greatest common factor of 6728 and 3872544?
232
Calculate the highest common factor of 6647328 and 3204.
36
What is the highest common factor of 844566520 and 112?
56
Calculate the greatest common divisor of 7731 and 4608.
9
Calculate the greatest common factor of 590521351 and 2884.
721
What is the greatest common factor of 14309290 and 1705?
155
Calculate the greatest common factor of 5588 and 161348.
44
Calculate the highest common factor of 254930313 and 66.
33
What is the highest common divisor of 38436 and 179364?
12
What is the greatest common factor of 2051240 and 1520?
760
What is the highest common divisor of 639 and 149148?
9
What is the highest common divisor of 4296 and 46464?
24
What is the highest common divisor of 12201203 and 144863?
4673
What is the greatest common factor of 28997 and 512461?
271
What is the greatest common factor of 394162956 and 132?
132
Calculate the greatest common factor of 17068620 and 30.
30
What is the greatest common factor of 78 and 504093?
3
Calculate the highest common divisor of 4275 and 1189800.
225
Calculate the greatest common factor of 86 and 1619509.
43
Calculate the highest common factor of 8743424 and 80.
16
Calculate the greatest common factor of 2582216 and 1456.
728
What is the highest common divisor of 297070389 and 2079?
2079
What is the highest common divisor of 6732 and 2986084?
68
Calculate the highest common divisor of 598026 and 869.
11
Calculate the highest common divisor of 6972 and 773241.
21
Calculate the highest common factor of 275264 and 156992.
704
Calculate the greatest common factor of 18571 and 6321.
49
What is the highest common factor of 29835 and 6956820?
1755
Calculate the highest common factor of 1887 and 634066.
17
What is the highest common divisor of 99330 and 679888?
22
What is the highest common factor of 996 and 289882148?
332
Calculate the greatest common factor of 94 and 24639938.
94
What is the highest common divisor of 129369 and 227105049?
4461
Calculate the highest common divisor of 427096 and 59888.
1576
What is the highest common factor of 967 and 1625?
1
Calculate the greatest common divisor of 351361120 and 1760.
1760
What is the highest common factor of 18896548 and 8?
4
What is the highest common divisor of 1244704 and 1088?
32
Calculate the greatest common factor of 3444 and 397356.
12
What is the greatest common factor of 2884685 and 7222667?
7303
What is the greatest common divisor of 2476824 and 2232?
24
What is the highest common divisor of 28048824 and 540?
36
Calculate the highest common factor of 1042255 and 26581.
1399
Calculate the highest common factor of 2546 and 60344.
38
What is the highest common factor of 3 and 165646263?
3
Calculate the greatest common divisor of 26130 and 380055.
195
Calculate the greatest common divisor of 1193969 and 405202.
1967
Calculate the greatest common factor of 95 and 1638605.
5
What is the greatest common divisor of 8930 and 3414926?
94
What is the highest common factor of 4901 and 32607107?
377
Calculate the highest common factor of 6009165 and 34235.
205
Calculate the highest common divisor of 275408 and 35504.
112
Calculate the highest common factor of 616966 and 359918.
254
Calculate the highest common factor of 3340 and 2573804.
668
What is the highest common factor of 1089393 and 160053?
5163
Calculate the highest common factor of 769298225 and 725.
725
Calculate the greatest common factor of 175180 and 27740.
380
Calculate the highest common factor of 85 and 192500.
5
What is the highest common factor of 23837 and 71117?
197
What is the greatest common divisor of 62421771 and 237?
237
Calculate the highest common factor of 1199961888 and 11656.
11656
What is the highest common divisor of 253926 and 522?
18
Calculate the greatest common divisor of 697 and 4915023.
17
Calculate the highest common factor of 7736 and 304965691.
967
Calculate the greatest common factor of 863852 and 843436.
1276
What is the highest common divisor of 3316 and 944525295?
829
What is the highest common divisor of 538 and 462533664?
538
Calculate the greatest common factor of 168682 and 9918.
38
What is the greatest common factor of 108 and 10343148?
12
What is the highest common divisor of 1144991 and 7471?
241
What is the highest common divisor of 336 and 4164672?
48
What is the greatest common factor of 39 and 4521413?
13
Calculate the greatest common factor of 1597716758 and 1628.
814
Calculate the greatest common divisor of 9175 and 72815.
5
Calculate the greatest common divisor of 21679029 and 34.
17
What is the highest common factor of 8635968 and 14784?
2112
Calculate the highest common factor of 281974 and 2585.
11
Calculate the greatest common factor of 12927 and 285696.
93
What is the greatest common factor of 9109773 and 34?
17
What is the highest common factor of 145656 and 824712?
168
What is the greatest common divisor of 19048905 and 5960?
745
Calculate the greatest common divisor of 12225114 and 3146.
242
Calculate the greatest common divisor of 376435687 and 299.
23
What is the highest common divisor of 786839 and 21899?
61
Calculate the highest common factor of 4104 and 5260473.
171
Calculate the greatest common divisor of 36435686 and 826.
826
What is the highest common divisor of 12 and 1463307?
3
Calculate the greatest common divisor of 9465844 and 4396.
628
Calculate the greatest common factor of 2813405 and 1357335.
1085
Calculate the highest common divisor of 114 and 3874214.
38
Calculate the highest common divisor of 22 and 16445187.
11
Calculate the greatest common factor of 100079970 and 300.
30
What is the greatest common divisor of 1298 and 1682857?
649
What is the greatest common divisor of 25570404 and 1998?
1998
What is the greatest common divisor of 421 and 272174816?
421
Calculate the highest common divisor of 9024 and 9515197.
47
Calculate the greatest common factor of 1636490 and 2306923.
5279
Calculate the greatest common divisor of 621594 and 1738161.
11511
Calculate the highest common factor of 7602525 and 756.
189
What is the greatest common factor of 763 and 21480957?
109
Calculate the highest common divisor of 2162 and 153202.
2
What is the greatest common divisor of 18140 and 50920?
20
What is the highest common divisor of 370 and 151854?
2
What is the highest common divisor of 3842 and 2